{"id":22,"date":"2021-07-05T20:07:28","date_gmt":"2021-07-05T20:07:28","guid":{"rendered":"https:\/\/gsystems.mx\/?page_id=22"},"modified":"2021-07-07T22:33:01","modified_gmt":"2021-07-07T22:33:01","slug":"acerca-de","status":"publish","type":"page","link":"https:\/\/gsystems.mx\/","title":{"rendered":"Acerca de"},"content":{"rendered":"\n<p class=\"has-text-align-center has-black-color has-text-color\" style=\"font-size:30px\"><span class=\"has-inline-color has-black-color\">GSYSTEMS, tu Aliado en solucione<\/span>s, servicios y equipos.<\/p>\n\n\n\n<p class=\"has-text-align-center has-black-color has-text-color\" style=\"font-size:23px\"><\/p>\n\n\n\n<div style=\"height:47px\" aria-hidden=\"true\" class=\"wp-block-spacer\"><\/div>\n\n\n\n<div class=\"wp-block-image is-style-default\"><figure class=\"aligncenter size-large is-resized\"><img loading=\"lazy\" decoding=\"async\" src=\"https:\/\/gsystems.mx\/wp-content\/uploads\/2021\/07\/imagen5-2-1024x678.jpg\" alt=\"\" class=\"wp-image-67\" width=\"623\" height=\"412\" srcset=\"https:\/\/gsystems.mx\/wp-content\/uploads\/2021\/07\/imagen5-2-1024x678.jpg 1024w, https:\/\/gsystems.mx\/wp-content\/uploads\/2021\/07\/imagen5-2-300x199.jpg 300w, https:\/\/gsystems.mx\/wp-content\/uploads\/2021\/07\/imagen5-2-768x509.jpg 768w, https:\/\/gsystems.mx\/wp-content\/uploads\/2021\/07\/imagen5-2-1536x1017.jpg 1536w, https:\/\/gsystems.mx\/wp-content\/uploads\/2021\/07\/imagen5-2-2048x1356.jpg 2048w\" sizes=\"auto, (max-width: 623px) 100vw, 623px\" \/><\/figure><\/div>\n\n\n\n<div style=\"height:44px\" aria-hidden=\"true\" class=\"wp-block-spacer\"><\/div>\n\n\n\n<p class=\"has-text-align-center has-black-color has-text-color\" style=\"font-size:27px\">\u00bfQui\u00e9nes Somos?<\/p>\n\n\n\n<p class=\"has-text-align-center has-black-color has-text-color has-medium-font-size\" style=\"font-size:23px\">GSYSTEMS inici\u00f3 operaciones en octubre de 2002 en Monterrey, N.L., M\u00e9xico, integrado por un equipo de asesores especializados con el objetivo de proporcionar las mejores soluciones, servicios y equipos a Micro, Peque\u00f1as y Medianas Empresas de acuerdo a sus necesidades y presupuesto.<\/p>\n\n\n\n<p><\/p>\n\n\n\n<div style=\"height:50px\" aria-hidden=\"true\" class=\"wp-block-spacer\"><\/div>\n\n\n\n<div class=\"wp-block-image\"><figure class=\"aligncenter size-large is-resized\"><img loading=\"lazy\" decoding=\"async\" src=\"https:\/\/gsystems.mx\/wp-content\/uploads\/2021\/07\/logo.dist_.png\" alt=\"\" class=\"wp-image-177\" width=\"411\" height=\"189\" srcset=\"https:\/\/gsystems.mx\/wp-content\/uploads\/2021\/07\/logo.dist_.png 331w, https:\/\/gsystems.mx\/wp-content\/uploads\/2021\/07\/logo.dist_-300x138.png 300w\" sizes=\"auto, (max-width: 411px) 100vw, 411px\" \/><\/figure><\/div>\n\n\n\n<div style=\"height:76px\" aria-hidden=\"true\" class=\"wp-block-spacer\"><\/div>\n\n\n\n<p class=\"has-text-align-center\" style=\"font-size:25px\">Nuestras soluciones, servicios y equipos:<\/p>\n\n\n\n<div style=\"height:22px\" aria-hidden=\"true\" class=\"wp-block-spacer\"><\/div>\n\n\n\n<div class=\"wp-block-image\"><figure class=\"aligncenter size-large\"><img loading=\"lazy\" decoding=\"async\" width=\"1024\" height=\"484\" src=\"https:\/\/gsystems.mx\/wp-content\/uploads\/2021\/07\/Soluciones_servicios_equipos-1024x484.jpg\" alt=\"\" class=\"wp-image-292\" srcset=\"https:\/\/gsystems.mx\/wp-content\/uploads\/2021\/07\/Soluciones_servicios_equipos-1024x484.jpg 1024w, https:\/\/gsystems.mx\/wp-content\/uploads\/2021\/07\/Soluciones_servicios_equipos-300x142.jpg 300w, https:\/\/gsystems.mx\/wp-content\/uploads\/2021\/07\/Soluciones_servicios_equipos-768x363.jpg 768w, https:\/\/gsystems.mx\/wp-content\/uploads\/2021\/07\/Soluciones_servicios_equipos.jpg 1526w\" sizes=\"auto, (max-width: 1024px) 100vw, 1024px\" \/><\/figure><\/div>\n\n\n\n<div style=\"height:62px\" aria-hidden=\"true\" class=\"wp-block-spacer\"><\/div>\n\n\n\n<p class=\"has-text-align-center\" style=\"font-size:23px\">\u00a1Cont\u00e1ctanos para agendar una demo o una cotizaci\u00f3n de servicio!<\/p>\n\n\n\n<div class=\"wp-block-buttons is-content-justification-center is-layout-flex wp-block-buttons-is-layout-flex\">\n<div class=\"wp-block-button is-style-outline is-style-outline--1\"><a class=\"wp-block-button__link has-black-color has-white-background-color has-text-color has-background\" href=\"https:\/\/gsystems.mx\/index.php\/contacto\/\"><strong>Click aqu\u00ed <\/strong><\/a><\/div>\n<\/div>\n\n\n\n<p><\/p>\n","protected":false},"excerpt":{"rendered":"<p>GSYSTEMS, tu Aliado en soluciones, servicios y equipos. \u00bfQui\u00e9nes Somos? GSYSTEMS inici\u00f3 operaciones en octubre de 2002 en Monterrey, N.L., M\u00e9xico, integrado por un equipo de asesores especializados con el objetivo de proporcionar las mejores soluciones, servicios y equipos a Micro, Peque\u00f1as y Medianas Empresas de acuerdo a sus necesidades y presupuesto. Nuestras soluciones, servicios [&hellip;]<\/p>\n","protected":false},"author":1,"featured_media":0,"parent":0,"menu_order":0,"comment_status":"closed","ping_status":"closed","template":"","meta":{"footnotes":""},"class_list":["post-22","page","type-page","status-publish","hentry"],"yoast_head":"<!-- This site is optimized with the Yoast SEO plugin v16.6.1 - https:\/\/yoast.com\/wordpress\/plugins\/seo\/ -->\n<title>Acerca de - GSYSTEMS<\/title>\n<meta name=\"description\" content=\"Tu aliado en soluciones, equipos y servicios\" \/>\n<meta name=\"robots\" content=\"index, follow, max-snippet:-1, max-image-preview:large, max-video-preview:-1\" \/>\n<link rel=\"canonical\" href=\"https:\/\/gsystems.mx\/\" \/>\n<meta property=\"og:locale\" content=\"es_ES\" \/>\n<meta property=\"og:type\" content=\"article\" \/>\n<meta property=\"og:title\" content=\"Acerca de - GSYSTEMS\" \/>\n<meta property=\"og:description\" content=\"Tu aliado en soluciones, equipos y servicios\" \/>\n<meta property=\"og:url\" content=\"https:\/\/gsystems.mx\/\" \/>\n<meta property=\"og:site_name\" content=\"GSYSTEMS\" \/>\n<meta property=\"article:modified_time\" content=\"2021-07-07T22:33:01+00:00\" \/>\n<meta property=\"og:image\" content=\"https:\/\/gsystems.mx\/wp-content\/uploads\/2021\/07\/imagen5-2-1024x678.jpg\" \/>\n<meta name=\"twitter:card\" content=\"summary_large_image\" \/>\n<meta name=\"twitter:label1\" content=\"Tiempo de lectura\" \/>\n\t<meta name=\"twitter:data1\" content=\"1 minuto\" \/>\n<script type=\"application\/ld+json\" class=\"yoast-schema-graph\">{\"@context\":\"https:\/\/schema.org\",\"@graph\":[{\"@type\":\"WebSite\",\"@id\":\"https:\/\/gsystems.mx\/#website\",\"url\":\"https:\/\/gsystems.mx\/\",\"name\":\"GSYSTEMS\",\"description\":\"Soluciones en Sistemas, Equipos y Servicios\",\"potentialAction\":[{\"@type\":\"SearchAction\",\"target\":{\"@type\":\"EntryPoint\",\"urlTemplate\":\"https:\/\/gsystems.mx\/?s={search_term_string}\"},\"query-input\":\"required name=search_term_string\"}],\"inLanguage\":\"es\"},{\"@type\":\"ImageObject\",\"@id\":\"https:\/\/gsystems.mx\/#primaryimage\",\"inLanguage\":\"es\",\"url\":\"https:\/\/gsystems.mx\/wp-content\/uploads\/2021\/07\/imagen5-2-scaled.jpg\",\"contentUrl\":\"https:\/\/gsystems.mx\/wp-content\/uploads\/2021\/07\/imagen5-2-scaled.jpg\",\"width\":2560,\"height\":1695},{\"@type\":\"WebPage\",\"@id\":\"https:\/\/gsystems.mx\/#webpage\",\"url\":\"https:\/\/gsystems.mx\/\",\"name\":\"Acerca de - GSYSTEMS\",\"isPartOf\":{\"@id\":\"https:\/\/gsystems.mx\/#website\"},\"primaryImageOfPage\":{\"@id\":\"https:\/\/gsystems.mx\/#primaryimage\"},\"datePublished\":\"2021-07-05T20:07:28+00:00\",\"dateModified\":\"2021-07-07T22:33:01+00:00\",\"description\":\"Tu aliado en soluciones, equipos y servicios\",\"breadcrumb\":{\"@id\":\"https:\/\/gsystems.mx\/#breadcrumb\"},\"inLanguage\":\"es\",\"potentialAction\":[{\"@type\":\"ReadAction\",\"target\":[\"https:\/\/gsystems.mx\/\"]}]},{\"@type\":\"BreadcrumbList\",\"@id\":\"https:\/\/gsystems.mx\/#breadcrumb\",\"itemListElement\":[{\"@type\":\"ListItem\",\"position\":1,\"name\":\"Portada\",\"item\":\"https:\/\/gsystems.mx\/\"},{\"@type\":\"ListItem\",\"position\":2,\"name\":\"Acerca de\"}]}]}<\/script>\n<!-- \/ Yoast SEO plugin. -->","_links":{"self":[{"href":"https:\/\/gsystems.mx\/index.php\/wp-json\/wp\/v2\/pages\/22","targetHints":{"allow":["GET"]}}],"collection":[{"href":"https:\/\/gsystems.mx\/index.php\/wp-json\/wp\/v2\/pages"}],"about":[{"href":"https:\/\/gsystems.mx\/index.php\/wp-json\/wp\/v2\/types\/page"}],"author":[{"embeddable":true,"href":"https:\/\/gsystems.mx\/index.php\/wp-json\/wp\/v2\/users\/1"}],"replies":[{"embeddable":true,"href":"https:\/\/gsystems.mx\/index.php\/wp-json\/wp\/v2\/comments?post=22"}],"version-history":[{"count":52,"href":"https:\/\/gsystems.mx\/index.php\/wp-json\/wp\/v2\/pages\/22\/revisions"}],"predecessor-version":[{"id":383,"href":"https:\/\/gsystems.mx\/index.php\/wp-json\/wp\/v2\/pages\/22\/revisions\/383"}],"wp:attachment":[{"href":"https:\/\/gsystems.mx\/index.php\/wp-json\/wp\/v2\/media?parent=22"}],"curies":[{"name":"wp","href":"https:\/\/api.w.org\/{rel}","templated":true}]}}